ime?
False
Let a = 14448 + -10063. Suppose 13*x - 1673 = a. Is x composite?
True
Suppose 355 = -5*g - 365. Let i be 5*(-10)/4*2. Let p = i - g. Is p a prime number?
False
Let g(n) = -n**2 - 4*n + 16. Let m be g(-6). Suppose 2*c = -2*r + m*c, -r + 18 = 5*c. Let z(o) = 43*o**3 - 5*o**2 - o + 8. Is z(r) composite?
True
Let y be (-10)/(-4)*(-40)/5. Let q(x) = -x**3 + 18*x**2 - 39*x + 69. Let v be q(16). Let l = y - v. Is l composite?
False
Let p(x) = -177*x + 4. Let m be p(-6). Suppose 0 = -2*i - 2*t + 1854, -2*i + 2*t - 915 = -2789. Suppose -5*y + 4*v = -m, v = 5*y - i - 137. Is y a prime number?
False
Let x(f) = 426*f + 165. Let i(l) = 11*l + 95. Let z be i(-8). Is x(z) a composite number?
True
Suppose -n + 4*m = -117103, 16*m - 351309 = -3*n + 19*m. Suppose 0 = 3*x - 10*x + n. Is x a composite number?
False
Let n(g) = 20*g**2 + 16837. Is n(0) a composite number?
True
Let f(o) = -9*o + o**3 + 8 + 5 + 8*o**2 + 14*o**2. Is f(-16) a prime number?
True
Let b(k) = 6710*k - 7957. Is b(69) a prime number?
True
Let s(t) = 2*t + 1. Let u be s(2). Let y be ((-17714)/(-14) - 2) + 2/(-7). Suppose u*h + 2*f - y = 0, 0 = 3*h - h - 2*f - 508. Is h a prime number?
False
Let y(d) = -18*d**2 + d - 4. Let s be y(-3). Suppose 0 = 5*l - 5*q - 4210, -4*q = -2*l + 449 + 1239. Let b = s + l. Is b prime?
False
Suppose 2*k = -3*u + 9, k = -2*u - 4*k - 5. Suppose -8*i + u = 21. Is (i*2086/(-2))/2 prime?
False
Suppose -3*w - 11*s = -13*s - 44891, -s = w - 14967. Let y = -4988 + w. Is y a composite number?
True
Suppose 2*h = -4*q + 50622, -5*q = 407*h - 408*h + 25276. Is h a composite number?
False
Let h(l) = 50803*l - 2905. Is h(18) a composite number?
False
Suppose 3*d - 6*d = -28704. Suppose 7*w = -3*h + 8*w + d, 2*h + 2*w - 6392 = 0. Is h a prime number?
True
Let q(u) = 7591*u + 14. Let t be q(11). Suppose -m - 3*l + 66784 = 3*m, 0 = -5*m + 5*l + t. Is m composite?
False
Let k be 457096/6 - (7/21)/(-1). Let j = k - 46776. Is j a composite number?
True
Let z(l) = -l**3 + 35*l**2 - 31*l + 47. Suppose 70 = -2*y + 4*y + 2*n, n - 1 = 0. Is z(y) a prime number?
True
Is (196/(-12) + -3)/(150/(-4545225)) a composite number?
True
Let z(m) = 8*m**2 + 95*m - 1382. Is z(69) prime?
True
Let d(p) = p**3 + 35*p + 2566. Is d(0) a prime number?
False
Let r(o) = -18*o + 103. Let h be r(5). Let d(j) = j**3 + 5*j**2 + 47. Is d(h) a prime number?
True
Let h be 13537 - -10*(-3 - (-60)/25). Suppose -4*n + n = 2*a - 10157, h = 4*n + 5*a. Is n prime?
True
Let s(t) = 27*t**3 - 6*t**2 + 11*t - 7. Let v = 78 + -80. Let k be (v + 3)*2 - (-4 + 3). Is s(k) prime?
True
Let k(n) = -25*n**3 - 49*n**2 + 180*n - 89. Is k(-24) a prime number?
True
Suppose -14*a = -32*a + 35442. Is a a composite number?
True
Let o = 402 - 399. Suppose -4*j = m - 1414 - 1815, -o*j = 4*m - 12929. Is m composite?
True
Suppose 17 = 5*a - 8. Suppose -m + 17 = 4*u + 2, 0 = a*u - m - 12. Is (u - 5)*(-826)/4 composite?
True
Let r be ((-2)/5)/(3/(-30)). Let z = -325 - -329. Suppose 0*a + 4*i - 2259 = -3*a, -r*a + z*i = -3012. Is a prime?
False
Let h = 10388 + -1847. Is (h + (5 - 3))*1 a composite number?
False
Suppose -3*u - 2*g + 53213 = 0, 36*g = 5*u + 35*g - 88697. Let n = u + -8482. Is n a prime number?
True
Suppose 2*l = -5*d + d + 22, 0 = -2*d + 4*l - 14. Suppose -h + 5 - d = 0. Suppose -h*c + c + 394 = 0. Is c a composite number?
True
Let p = -55915 + 87228. Is p a composite number?
True
Let p = 22 + -19. Is (433 - -9) + (0/(-3) - p) prime?
True
Let l(i) be the second derivative of 61*i**4/12 - i**3/3 - i**2 + i - 3. Is l(5) a composite number?
True
Suppose -5*y + 2*n + 212201 = -320478, 0 = -4*y - 4*n + 426160. Is y composite?
False
Suppose -73*w - 6*w + 9364429 + 14581498 = 0. Is w composite?
True
Suppose -4*m - 2*d + 3850364 = -0*m, -3850380 = -4*m - 4*d. Is m a prime number?
True
Let g(a) = -482*a**2 + 5. Let r(h) = -481*h**2 + h + 3. Let y(q) = 2*g(q) - 3*r(q). Is y(3) a prime number?
False
Suppose -4*s + 2*u = 206, 24*s - 25*s - 57 = 5*u. Is ((-9239)/2)/(26/s) a composite number?
False
Suppose -5*i + 8*i = -12. Let x = i - -12. Let d = x + 105. Is d prime?
True
Suppose 5*z + f - 80 = 0, 5*z = 4*f - 7*f + 80. Suppose -2*x = -3*b + z, -5*b + 4*x + 10 + 18 = 0. Suppose b*j = 3537 + 17851. Is j composite?
False
Let p = -5551 + 9909. Is p a composite number?
True
Suppose -4*g = -2*s + 1864, s + 3*s + 2*g - 3728 = 0. Suppose 0 = 5*v - 2*y - y - s, -5*y = 5*v - 940. Is v a prime number?
False
Is ((-656295)/6)/(300/(-120)) prime?
True
Is -152882*1/(-4)*2 prime?
True
Let q = 298 + 2863. Let h = q + -1368. Is h a composite number?
True
Let z(r) = r**3 + 6*r**2 + 3*r - 5. Let h be z(-5). Suppose 0 = -h*t - 15 - 0, -u + 1649 = -4*t. Is u/1 - (-3 + 3) composite?
False
Let g(b) = -11*b - 11. Let x be g(-7). Suppose 64*i + 6 = x*i. Suppose -i*n = -6*n + 1761. Is n a prime number?
True
Let m = -292 - -527. Let h = 3486 - m. Is h prime?
True
Let a be 22/99 + 5/18*10. Suppose -2*g + 71600 = 3*u, 3*g + a*u - 6*u = 107430. Is g a prime number?
False
Let n be -4 - (2 + 0 + -242). Suppose 819 = -5*r - n. Is (0 + -3)*r/3 composite?
False
Let h(f) = -f**2 + 4*f + 7. Let t be h(5). Let b(w) = 71*w**2 - 3*w + 2 + 0 - 3 + 6*w**t. Is b(-1) a prime number?
True
Suppose -i = -2*h + 16789, -1 + 4 = i. Suppose 10*y = 14*y - h. Is y prime?
True
Suppose 0 = -24*x + 54*x - 29*x - 43637. Is x composite?
True
Let b be (4/18 - (-539612)/(-36)) + 2. Let i = 22110 + b. Is i a prime number?
False
Let w be ((-15)/1)/(-5) + 12. Let q = w - 17. Is q/(2/(-2173)) - 0/2 a prime number?
False
Suppose 8*n - 58 = 6*n. Let j = 43 - n. Suppose j*i = 4*i + 17570. Is i prime?
False
Suppose 3*c + 6387 - 130716 = 0. Is c a composite number?
False
Let s(l) = 21414*l**2 - 346*l - 29. Is s(-6) composite?
True
Suppose 3*l + 10084 + 1037 = 3*j, -18503 = -5*j - 3*l. Suppose -9*i + j + 3146 = 0. Is i a composite number?
False
Let s(k) = -2727*k - 65. Is s(-4) a prime number?
False
Let r = 198179 + -46032. Is r prime?
True
Suppose 4*k = -z + 2405, -5*k + z = -z - 3003. Let v = 6447 - k. Suppose 6478 + v = 12*s. Is s a composite number?
True
Let m be (-6)/14 + 8/(-28)*-19. Suppose 9*b = m*b + 20764. Suppose 3*c + 118 = -3*d + b, 2 = -d. Is c a composite number?
False
Let j(f) = -12*f**2 + 8*f - 5. Let o be j(-12). Let s be 3 + 8/32 + o/4. Let d = -263 - s. Is d prime?
True
Suppose -4*w + 1242519 = 5*f, -5*w + 1875*f - 1877*f + 1553119 = 0. Is w prime?
False
Suppose -4*y - 4 = 84*h - 81*h, 4*h = -2*y - 12. Let f(x) = x**3 + x**2 - 4*x. Let m be f(3). Is 3/m*2*y*822 composite?
True
Suppose -2*b + 4 = 0, b + b - 24 = -4*l. Let r be (l*(-16)/(-20))/2. Is (-5)/(-10)*(r + 104) a prime number?
True
Suppose 11*o - 3*o = 24. Suppose -42307 = -o*g + 4*w, -5*g + 4*g = 3*w - 14098. Is g a composite number?
True
Let s be ((-110)/33)/((-1)/(-6)). Let i be (-3)/6 + (-5)/(s/(-134342)). Is i/(-16) + (-2)/16 composite?
False
Let v be (8 - (-1 - -3)) + -4. Suppose -3*h = -12 - 0, -3*h + 6 = -v*f. Suppose f*m = 3508 + 113. Is m composite?
True
Is (-6*1 + 23 + 15942)*1 a prime number?
True
Let v(o) = 0 + 680*o**2 - 679*o**2 + 8*o - 14. Let w be v(19). Suppose -f = -4 - w. Is f composite?
False
Suppose -106*v = -107*v - 3. Let b(x) = -2112*x - 37. Is b(v) a composite number?
False
Suppose 4*h + 263 = 3*z + 75, 5*h = z - 70. Let o be z/14 - (4/(-14))/(-1). Suppose -o*d + 2470 = -5*b - 9678, -5*b + 3037 = d. Is d composite?
False
Let m be 1869/9 - 2/3. Let y be (-24)/(-10) - (-2)/(-5). Suppose -w = y*w - m. Is w composite?
True
Let c = -35893 - -64956. Is c a composite number?
False
Suppose 131 = 3*z + 143. Is (-610)/z*2 - 6 a prime number?
False
Let c(g) = 8*g - 12. Let p be c(2). Let m be (3 + p)/((-3)/(-12)). Is (8/14 + 271528/m)/2 composite?
True
Suppose 5*j - 20 + 0 = 0. Suppose 2*b - 37056 = -j*b. Suppose 4*k + h - b = 0, -3*h = -3*k + k + 3074. Is k a composite number?
False
Let r(g) = -6*g**3 - 3*g**2 + 5*g - 27. Suppose 98 = 4*s + 138. Is r(s) composite?
False
Suppose -u = -0*u - 8903. Let m = u - 3867. Suppose 15*k = 19*k - m. Is k prime?
True
Let d be (7 + -85)/(-3)*1/2. Suppose -d*y + 46506 = p - 8*y, -2*y + 6 = 0. Is p a prime number?
False
Let b(y) = -y**3 - 5*y**2 - 4*y + 6. Suppose 3*h + 2 + 7 = 0. Let p be b(h). Suppose -2*r + 89 = u, p*r + 5*r + 3*u - 224 = 0. Is r composite?
False
Su